ghest common factor of 8 and u?
4
Let c = 20 - 6. Let s = -8 + c. Let l(w) = w**2 - 5*w + 6. Let r be l(5). Calculate the greatest common divisor of s and r.
6
Let g = -48 - -19. Let p = g + 47. Let i = p + -13. What is the greatest common factor of 20 and i?
5
Let i(h) = 16*h - 3. Let q be i(12). Suppose 2*u + 83 + 14 = 5*r, 0 = -5*r - 3*u + 117. What is the highest common factor of q and r?
21
Let d be (2 - 6)*(-7)/4. Let i be ((-154)/(-56))/(2/56). Calculate the highest common divisor of d and i.
7
Suppose -12 = n + 2. Let o be n/(-3)*(2 - -25). Suppose 0 = -2*a - 5*k + 3*k + 30, 4*a + k = 57. What is the highest common divisor of a and o?
14
Let z = 2 + 14. Let d = z - 8. Let j be (-1 + (d - 1))*3. What is the highest common divisor of j and 36?
18
Let t be 3*3*1/9. Let z = t + 17. Let y(h) = 67*h - 3. Let i be y(3). Calculate the greatest common factor of z and i.
18
Let h(b) = b**2 - b - 9. Let z be h(-5). Let f = 94 + -38. Suppose -3*i = -2*k - 44, 5*i - 4*k - f = 18. What is the highest common divisor of i and z?
7
Suppose -42 = 4*b - b. Let h be (-32)/b + 2/(-7). Suppose h*u = -2 + 74. What is the greatest common divisor of u and 12?
12
Suppose -26 - 26 = -s. Calculate the highest common factor of s and 13.
13
Let y(d) = -d + 4. Let r be y(0). Let a = -3 + r. Suppose 3*m = 2*m + 1. What is the highest common factor of a and m?
1
Suppose -4*o - 3 + 39 = 0. Let z = 12 + -5. Let w(v) = v**3 - 5*v**2 - 4*v + 2. Let k be w(z). What is the greatest common divisor of k and o?
9
Suppose 5*d = -3*d + 96. Calculate the highest common factor of d and 18.
6
Let f = -11 - -119. What is the greatest common factor of f and 12?
12
Let h = -430 + 619. Calculate the highest common factor of 21 and h.
21
Let r(b) = -6*b. Let h be r(-1). Let g = 11 - h. Let n(p) = 25*p. Let z be n(1). What is the highest common divisor of g and z?
5
Let t(h) = h + 11. Let v be t(-8). Calculate the greatest common divisor of v and 15.
3
Suppose -d - 3*d = -280. What is the greatest common factor of 10 and d?
10
Let v(r) = 3*r - 8. Let y be v(6). Calculate the highest common factor of 80 and y.
10
Let v = 107 + -61. Calculate the highest common divisor of 69 and v.
23
Let u = 41 - 15. Suppose -u = -2*g + 16. Let o = g + -10. What is the greatest common factor of 121 and o?
11
Suppose -7*m - 4 = -9*m. Suppose -a + 3*p + 19 = m, -p = -5*a + 113. What is the highest common factor of 207 and a?
23
Suppose x = 5*l - 3*x - 509, 4*l = -x + 424. Suppose l = 3*n - 336. What is the greatest common factor of n and 21?
21
Let n be 2/7 - 2792/(-28). Suppose -2*r - 3*r + n = 0. Suppose -4*o = 12 - 32. Calculate the highest common factor of o and r.
5
Let g = -22 + 38. Suppose 3*r + 15 = 0, s + 12*r - 36 = 16*r. What is the greatest common factor of g and s?
16
Let m(u) = -2*u + 22. Let i be m(-10). Calculate the greatest common divisor of i and 28.
14
Suppose -3*v = v + 3*o - 2, -5*o - 20 = -5*v. Calculate the greatest common divisor of 5 and v.
1
Let h(b) = b - 6. Let k be h(9). Let r(z) = z**3 - 3*z**2 + 2*z - 4. Let v be r(k). Suppose 0 = v*m - 16 - 8. What is the greatest common divisor of m and 6?
6
Let i = 33 - 35. Let t be 11 + (0 + i - 2). Suppose -7*n + 2*n = -5. What is the highest common factor of t and n?
1
Let j = 4 - 7. Let r(a) = -a**2 - 2*a + 3. Let l be r(j). Suppose 0*p - 2*p + 6 = l. Calculate the greatest common divisor of 15 and p.
3
Suppose -3*x + 0*x + 81 = 0. Calculate the greatest common factor of 9 and x.
9
Suppose -5*q + 774 = j, 271 = 5*q - 2*j - 491. Suppose -9 = -b + 5. What is the highest common divisor of b and q?
14
Let h(f) = 4*f - 7. Let l be h(-5). Let v be (-6)/l - 14/(-18). Calculate the greatest common factor of v and 1.
1
Let y(b) = b**3 + 6*b**2 - 9*b - 1. Suppose 3*p = -18 - 3. Let w be y(p). What is the greatest common divisor of w and 52?
13
Let o = 75 + -12. What is the highest common divisor of o and 9?
9
Let d(v) = -v**2 + 3*v + 8. Let l be d(6). Let r = 25 + l. What is the greatest common divisor of 3 and r?
3
Suppose 0 = -7*i + 2*i. Suppose 5*x = -i*x + 100. Let y = 115 + -65. Calculate the greatest common factor of y and x.
10
Let d be 21/9*(3 + 6). Calculate the highest common factor of 231 and d.
21
Suppose -51 = -2*n - 5*p - 9, -3*n + 2*p + 82 = 0. Calculate the highest common factor of 39 and n.
13
Let j(i) = i**2 + 3*i + 2. Let b be j(-12). Calculate the greatest common factor of 66 and b.
22
Suppose 200 = 2*r - 0*r. Let z be 15/(-9)*-3*1. Suppose -115 = -3*o + z. What is the highest common factor of o and r?
20
Let q(b) = 24*b**3 - b**2 + 1. Let z be q(1). Calculate the highest common divisor of z and 192.
24
Suppose -a + 3*z = -0*a - 22, 81 = 4*a - 5*z. Suppose -10 = 2*w, 2*w + 3 = l - 11. Let v be (38/3)/(l/66). What is the highest common divisor of a and v?
19
Let k = 40 - 31. Calculate the highest common divisor of 45 and k.
9
Let a = -2 - -10. What is the highest common factor of a and 16?
8
Let b(d) = 12*d - 15. Let v be b(5). Calculate the highest common divisor of 90 and v.
45
Let a = 13 - 10. What is the highest common factor of a and 3?
3
Suppose 3*k = 2*k + 3*v - 3, 3*v = 9. What is the highest common divisor of 24 and k?
6
Suppose -2*r + 9 + 5 = 0. Suppose -129 = -n - 48. Let z = n - 46. What is the highest common divisor of z and r?
7
Let j be 12 - 23 - 1*2. Let d = 29 + j. What is the greatest common divisor of d and 24?
8
Let y = 9 + -4. Suppose 0*c - 4*c = -5*h - 109, 46 = c + y*h. Suppose -5*x + 24 = -c. Calculate the highest common divisor of 99 and x.
11
Let a = 2 + 0. Calculate the greatest common factor of 5 and a.
1
Let h = 62 - 39. What is the highest common divisor of 69 and h?
23
Let s(f) = f**2 + 15*f + 29. Let n be s(-14). What is the highest common factor of n and 60?
15
Suppose u - 2*i = 9 + 13, 0 = 2*u + 5*i - 26. Calculate the highest common divisor of u and 90.
18
Let m(x) = 147*x**3 - 2*x + 1. Let o be m(1). Let a = o - 47. What is the highest common factor of a and 9?
9
Let o(i) = -18*i**3 + i**2 + 3*i + 2. Let z be o(-1). What is the greatest common divisor of 6 and z?
6
Let c = 11 - 7. Suppose 0*t - c*t = -8. Calculate the highest common divisor of t and 6.
2
Suppose 19*q + 525 = 22*q. What is the highest common divisor of q and 25?
25
Suppose 0 = 2*o - 5*o + 36. What is the highest common factor of o and 3?
3
Let f be ((-8)/(-6))/(6/9). Suppose -z = -5*s, 2*z = -f*s + s + 11. Calculate the highest common factor of z and 1.
1
Suppose -s = -1 - 5. Let q = 19 - s. What is the greatest common factor of 13 and q?
13
Suppose -3*o + 288 = 4*d, -4*d + 72 = -3*d + 4*o. Let f be d - 6*1/(-2). Calculate the highest common divisor of f and 15.
15
Suppose 2*g = 22 + 6. Suppose -5*u + 10 = 2*a - 1, -4*a - g = -2*u. What is the highest common factor of 3 and u?
3
Let h(x) = -2*x - 7. Suppose -5 = c - 0*c. Let t be h(c). What is the highest common divisor of 1 and t?
1
Suppose 2*v - 166 = -3*f, -2*v = 2*v + 2*f - 324. Let w = 159 - 78. Let l be 1/(-5) - w/(-5). What is the highest common factor of v and l?
16
Let h = 7 + -4. Let s(f) = f**2 + 7*f + 9. Let d be s(-7). What is the highest common divisor of d and h?
3
Suppose 0*w - 4*w = -84. What is the greatest common divisor of w and 7?
7
Suppose -64 = -4*t + 4*r, 3*r - 76 = -5*t + 4*r. Suppose h - 15 = -2*d, 3*h - 5*d - 60 = -h. Calculate the greatest common factor of t and h.
15
Let y(w) = w**2 + 7*w + 6. Let i be y(-6). Suppose 3*c - 61 = -5*j, i*j + 15 = j + 2*c. What is the greatest common factor of 11 and j?
11
Let l be 1 - (-13)/((-26)/(-44)). Let i(c) = 59*c - 3. Let y be i(2). What is the greatest common divisor of y and l?
23
Let c be ((0 - -1)*1)/(8/64). Calculate the highest common divisor of c and 8.
8
Let s be (-822)/8 - 21/(-28). Let b = 172 + s. What is the highest common divisor of 28 and b?
14
Let j be 2/(-2)*(-1)/1. Let w = 8 + j. Let z = 7 + w. What is the highest common divisor of 80 and z?
16
Let a = -11 + 37. Suppose 0 = 9*p + p. Let v be (p - 1)/((-1)/a). Calculate the greatest common divisor of v and 65.
13
Let k be 1 + -1 - (-4 + 14). Let r be (42/5)/((-4)/k). What is the greatest common divisor of 7 and r?
7
Let g(f) = f**2 + 5*f - 1. Let z be g(-7). What is the highest common divisor of 39 and z?
13
Let n = 7 + -3. Suppose -4*m 